{"id":187,"date":"2024-03-25T21:15:32","date_gmt":"2024-03-25T21:15:32","guid":{"rendered":"https:\/\/ozziemelendez.com\/e-book\/?page_id=187"},"modified":"2024-03-25T22:27:42","modified_gmt":"2024-03-25T22:27:42","slug":"esp","status":"publish","type":"page","link":"https:\/\/ozziemelendez.com\/e-book\/es\/esp\/","title":{"rendered":"E-Book"},"content":{"rendered":"<p>[et_pb_section fb_built=&#8221;1&#8243; specialty=&#8221;on&#8221; _builder_version=&#8221;4.20.4&#8243; _module_preset=&#8221;default&#8221; global_colors_info=&#8221;{}&#8221;][et_pb_column type=&#8221;1_2&#8243; specialty_columns=&#8221;2&#8243; _builder_version=&#8221;4.16&#8243; custom_padding=&#8221;|||&#8221; global_colors_info=&#8221;{}&#8221; custom_padding__hover=&#8221;|||&#8221;][et_pb_row_inner _builder_version=&#8221;4.20.4&#8243; _module_preset=&#8221;default&#8221; global_colors_info=&#8221;{}&#8221;][et_pb_column_inner saved_specialty_column_type=&#8221;1_2&#8243; _builder_version=&#8221;4.20.4&#8243; _module_preset=&#8221;default&#8221; global_colors_info=&#8221;{}&#8221;][et_pb_text _builder_version=&#8221;4.24.0&#8243; _module_preset=&#8221;default&#8221; text_font=&#8221;Anton||||||||&#8221; text_text_color=&#8221;#000000&#8243; text_font_size=&#8221;28px&#8221; text_line_height=&#8221;1.8em&#8221; hover_enabled=&#8221;0&#8243; global_colors_info=&#8221;{}&#8221; sticky_enabled=&#8221;0&#8243;]<\/p>\n<p>Dynamic Flexibility E-Book por Ozzie Melendez<\/p>\n<p>[\/et_pb_text][\/et_pb_column_inner][\/et_pb_row_inner][et_pb_row_inner column_structure=&#8221;1_2,1_2&#8243; _builder_version=&#8221;4.20.4&#8243; _module_preset=&#8221;default&#8221; global_colors_info=&#8221;{}&#8221;][et_pb_column_inner type=&#8221;1_2&#8243; saved_specialty_column_type=&#8221;1_2&#8243; _builder_version=&#8221;4.20.4&#8243; _module_preset=&#8221;default&#8221; global_colors_info=&#8221;{}&#8221;][et_pb_image src=&#8221;https:\/\/ozziemelendez.com\/e-book\/wp-content\/uploads\/2023\/04\/trombon-spanish.png&#8221; title_text=&#8221;trombon-spanish&#8221; url=&#8221;https:\/\/ozziemelendez.com\/e-book\/product\/flexibilidad-dinamica-para-trombon-ebook\/&#8221; _builder_version=&#8221;4.24.0&#8243; _module_preset=&#8221;default&#8221; hover_enabled=&#8221;0&#8243; global_colors_info=&#8221;{}&#8221; sticky_enabled=&#8221;0&#8243;][\/et_pb_image][et_pb_button button_url=&#8221;https:\/\/ozziemelendez.com\/e-book\/product\/flexibilidad-dinamica-para-trombon-ebook\/&#8221; button_text=&#8221;Comprar $24.99&#8243; _builder_version=&#8221;4.24.0&#8243; _module_preset=&#8221;default&#8221; custom_button=&#8221;on&#8221; button_text_color=&#8221;#FFFFFF&#8221; button_bg_color=&#8221;#E02B20&#8243; hover_enabled=&#8221;0&#8243; global_colors_info=&#8221;{}&#8221; sticky_enabled=&#8221;0&#8243;][\/et_pb_button][\/et_pb_column_inner][et_pb_column_inner type=&#8221;1_2&#8243; saved_specialty_column_type=&#8221;1_2&#8243; _builder_version=&#8221;4.20.4&#8243; _module_preset=&#8221;default&#8221; global_colors_info=&#8221;{}&#8221;][et_pb_image src=&#8221;https:\/\/ozziemelendez.com\/e-book\/wp-content\/uploads\/2023\/04\/trumpet-spanish.png&#8221; title_text=&#8221;trumpet-english&#8221; url=&#8221;https:\/\/ozziemelendez.com\/e-book\/product\/flexibilidad-dinamica-para-trompeta-ebook\/&#8221; _builder_version=&#8221;4.24.0&#8243; _module_preset=&#8221;default&#8221; hover_enabled=&#8221;0&#8243; global_colors_info=&#8221;{}&#8221; sticky_enabled=&#8221;0&#8243;][\/et_pb_image][et_pb_button button_url=&#8221;https:\/\/ozziemelendez.com\/e-book\/product\/flexibilidad-dinamica-para-trompeta-ebook\/&#8221; button_text=&#8221;Comprar $24.99&#8243; _builder_version=&#8221;4.24.0&#8243; _module_preset=&#8221;default&#8221; custom_button=&#8221;on&#8221; button_text_color=&#8221;#FFFFFF&#8221; button_bg_color=&#8221;#E02B20&#8243; hover_enabled=&#8221;0&#8243; global_colors_info=&#8221;{}&#8221; sticky_enabled=&#8221;0&#8243;][\/et_pb_button][\/et_pb_column_inner][\/et_pb_row_inner][et_pb_row_inner _builder_version=&#8221;4.20.4&#8243; _module_preset=&#8221;default&#8221; global_colors_info=&#8221;{}&#8221;][et_pb_column_inner saved_specialty_column_type=&#8221;1_2&#8243; _builder_version=&#8221;4.20.4&#8243; _module_preset=&#8221;default&#8221; global_colors_info=&#8221;{}&#8221;][et_pb_text _builder_version=&#8221;4.24.0&#8243; _module_preset=&#8221;default&#8221; hover_enabled=&#8221;0&#8243; global_colors_info=&#8221;{}&#8221; sticky_enabled=&#8221;0&#8243;]<\/p>\n<p><strong><span style=\"color: #000000;\">Qu\u00e9 est\u00e1 incluido:<\/span><\/strong><\/p>\n<p><strong><span style=\"color: #000000;\">M\u00e1s de 150 demostraciones de audio de tromb\u00f3n y trompeta descargables en varios tempos, as\u00ed como hojas de registro de pr\u00e1ctica para documentar su progreso<\/span><\/strong><br \/><strong><span style=\"color: #000000;\">* Cada libro se vende por separado<\/span><\/strong><\/p>\n<p>[\/et_pb_text][\/et_pb_column_inner][\/et_pb_row_inner][\/et_pb_column][et_pb_column type=&#8221;1_2&#8243; _builder_version=&#8221;4.16&#8243; custom_padding=&#8221;|||&#8221; global_colors_info=&#8221;{}&#8221; custom_padding__hover=&#8221;|||&#8221;][et_pb_image src=&#8221;https:\/\/ozziemelendez.com\/e-book\/wp-content\/uploads\/revslider\/slider-3-1\/cropped-9K7A2447-1-scaled-1.jpg&#8221; title_text=&#8221;cropped-9K7A2447-1-scaled-1.jpg&#8221; _builder_version=&#8221;4.20.4&#8243; _module_preset=&#8221;default&#8221; global_colors_info=&#8221;{}&#8221;][\/et_pb_image][et_pb_text _builder_version=&#8221;4.24.0&#8243; _module_preset=&#8221;default&#8221; text_text_color=&#8221;#000000&#8243; hover_enabled=&#8221;0&#8243; global_colors_info=&#8221;{}&#8221; text_font_size=&#8221;13px&#8221; sticky_enabled=&#8221;0&#8243;]<\/p>\n<p><strong><span style=\"color: #000000;\">\u201cToda mi carrera y los aprendizajes de mi vida con respecto a la flexibilidad se resumen en este libro electr\u00f3nico. \u00a1Divi\u00e9rtete practicando! \u201c<\/span><\/strong><\/p>\n<p>[\/et_pb_text][\/et_pb_column][\/et_pb_section][et_pb_section fb_built=&#8221;1&#8243; _builder_version=&#8221;4.20.4&#8243; _module_preset=&#8221;default&#8221; background_color=&#8221;#000000&#8243; global_colors_info=&#8221;{}&#8221;][et_pb_row column_structure=&#8221;1_2,1_2&#8243; _builder_version=&#8221;4.20.4&#8243; _module_preset=&#8221;default&#8221; global_colors_info=&#8221;{}&#8221;][et_pb_column type=&#8221;1_2&#8243; _builder_version=&#8221;4.20.4&#8243; _module_preset=&#8221;default&#8221; global_colors_info=&#8221;{}&#8221;][et_pb_video src=&#8221;https:\/\/youtu.be\/4_zLZHjGTWY&#8221; _builder_version=&#8221;4.20.4&#8243; _module_preset=&#8221;default&#8221; global_colors_info=&#8221;{}&#8221;][\/et_pb_video][\/et_pb_column][et_pb_column type=&#8221;1_2&#8243; _builder_version=&#8221;4.20.4&#8243; _module_preset=&#8221;default&#8221; global_colors_info=&#8221;{}&#8221;][et_pb_video src=&#8221;https:\/\/youtu.be\/iJapm8FhNtI&#8221; _builder_version=&#8221;4.20.4&#8243; _module_preset=&#8221;default&#8221; global_colors_info=&#8221;{}&#8221;][\/et_pb_video][\/et_pb_column][\/et_pb_row][\/et_pb_section]<\/p>\n","protected":false},"excerpt":{"rendered":"<p>Dynamic Flexibility E-Book por Ozzie MelendezQu\u00e9 est\u00e1 incluido: M\u00e1s de 150 demostraciones de audio de tromb\u00f3n y trompeta descargables en varios tempos, as\u00ed como hojas de registro de pr\u00e1ctica para documentar su progreso* Cada libro se vende por separado\u201cToda mi carrera y los aprendizajes de mi vida con respecto a la flexibilidad se resumen en [&hellip;]<\/p>\n","protected":false},"author":2,"featured_media":0,"parent":0,"menu_order":0,"comment_status":"closed","ping_status":"closed","template":"","meta":{"_et_pb_use_builder":"on","_et_pb_old_content":"","_et_gb_content_width":"","om_disable_all_campaigns":false,"footnotes":""},"class_list":["post-187","page","type-page","status-publish","hentry"],"aioseo_notices":[],"yoast_head":"<!-- This site is optimized with the Yoast SEO plugin v27.3 - https:\/\/yoast.com\/product\/yoast-seo-wordpress\/ -->\n<title>E-Book - E-Book<\/title>\n<meta name=\"robots\" content=\"index, follow, max-snippet:-1, max-image-preview:large, max-video-preview:-1\" \/>\n<link rel=\"canonical\" href=\"https:\/\/ozziemelendez.com\/e-book\/es\/esp\/\" \/>\n<meta property=\"og:locale\" content=\"en_US\" \/>\n<meta property=\"og:type\" content=\"article\" \/>\n<meta property=\"og:title\" content=\"E-Book - E-Book\" \/>\n<meta property=\"og:description\" content=\"Dynamic Flexibility E-Book por Ozzie MelendezQu\u00e9 est\u00e1 incluido: M\u00e1s de 150 demostraciones de audio de tromb\u00f3n y trompeta descargables en varios tempos, as\u00ed como hojas de registro de pr\u00e1ctica para documentar su progreso* Cada libro se vende por separado\u201cToda mi carrera y los aprendizajes de mi vida con respecto a la flexibilidad se resumen en [&hellip;]\" \/>\n<meta property=\"og:url\" content=\"https:\/\/ozziemelendez.com\/e-book\/es\/esp\/\" \/>\n<meta property=\"og:site_name\" content=\"E-Book\" \/>\n<meta property=\"article:modified_time\" content=\"2024-03-25T22:27:42+00:00\" \/>\n<meta name=\"twitter:card\" content=\"summary_large_image\" \/>\n<meta name=\"twitter:label1\" content=\"Est. reading time\" \/>\n\t<meta name=\"twitter:data1\" content=\"1 minute\" \/>\n<script type=\"application\/ld+json\" class=\"yoast-schema-graph\">{\"@context\":\"https:\\\/\\\/schema.org\",\"@graph\":[{\"@type\":\"WebPage\",\"@id\":\"https:\\\/\\\/ozziemelendez.com\\\/e-book\\\/es\\\/esp\\\/\",\"url\":\"https:\\\/\\\/ozziemelendez.com\\\/e-book\\\/es\\\/esp\\\/\",\"name\":\"E-Book - E-Book\",\"isPartOf\":{\"@id\":\"https:\\\/\\\/ozziemelendez.com\\\/e-book\\\/#website\"},\"datePublished\":\"2024-03-25T21:15:32+00:00\",\"dateModified\":\"2024-03-25T22:27:42+00:00\",\"breadcrumb\":{\"@id\":\"https:\\\/\\\/ozziemelendez.com\\\/e-book\\\/es\\\/esp\\\/#breadcrumb\"},\"inLanguage\":\"en-US\",\"potentialAction\":[{\"@type\":\"ReadAction\",\"target\":[\"https:\\\/\\\/ozziemelendez.com\\\/e-book\\\/es\\\/esp\\\/\"]}]},{\"@type\":\"BreadcrumbList\",\"@id\":\"https:\\\/\\\/ozziemelendez.com\\\/e-book\\\/es\\\/esp\\\/#breadcrumb\",\"itemListElement\":[{\"@type\":\"ListItem\",\"position\":1,\"name\":\"Home\",\"item\":\"https:\\\/\\\/ozziemelendez.com\\\/e-book\\\/\"},{\"@type\":\"ListItem\",\"position\":2,\"name\":\"E-Book\"}]},{\"@type\":\"WebSite\",\"@id\":\"https:\\\/\\\/ozziemelendez.com\\\/e-book\\\/#website\",\"url\":\"https:\\\/\\\/ozziemelendez.com\\\/e-book\\\/\",\"name\":\"E-Book\",\"description\":\"Ozzie Melendez\",\"potentialAction\":[{\"@type\":\"SearchAction\",\"target\":{\"@type\":\"EntryPoint\",\"urlTemplate\":\"https:\\\/\\\/ozziemelendez.com\\\/e-book\\\/?s={search_term_string}\"},\"query-input\":{\"@type\":\"PropertyValueSpecification\",\"valueRequired\":true,\"valueName\":\"search_term_string\"}}],\"inLanguage\":\"en-US\"}]}<\/script>\n<!-- \/ Yoast SEO plugin. -->","yoast_head_json":{"title":"E-Book - E-Book","robots":{"index":"index","follow":"follow","max-snippet":"max-snippet:-1","max-image-preview":"max-image-preview:large","max-video-preview":"max-video-preview:-1"},"canonical":"https:\/\/ozziemelendez.com\/e-book\/es\/esp\/","og_locale":"en_US","og_type":"article","og_title":"E-Book - E-Book","og_description":"Dynamic Flexibility E-Book por Ozzie MelendezQu\u00e9 est\u00e1 incluido: M\u00e1s de 150 demostraciones de audio de tromb\u00f3n y trompeta descargables en varios tempos, as\u00ed como hojas de registro de pr\u00e1ctica para documentar su progreso* Cada libro se vende por separado\u201cToda mi carrera y los aprendizajes de mi vida con respecto a la flexibilidad se resumen en [&hellip;]","og_url":"https:\/\/ozziemelendez.com\/e-book\/es\/esp\/","og_site_name":"E-Book","article_modified_time":"2024-03-25T22:27:42+00:00","twitter_card":"summary_large_image","twitter_misc":{"Est. reading time":"1 minute"},"schema":{"@context":"https:\/\/schema.org","@graph":[{"@type":"WebPage","@id":"https:\/\/ozziemelendez.com\/e-book\/es\/esp\/","url":"https:\/\/ozziemelendez.com\/e-book\/es\/esp\/","name":"E-Book - E-Book","isPartOf":{"@id":"https:\/\/ozziemelendez.com\/e-book\/#website"},"datePublished":"2024-03-25T21:15:32+00:00","dateModified":"2024-03-25T22:27:42+00:00","breadcrumb":{"@id":"https:\/\/ozziemelendez.com\/e-book\/es\/esp\/#breadcrumb"},"inLanguage":"en-US","potentialAction":[{"@type":"ReadAction","target":["https:\/\/ozziemelendez.com\/e-book\/es\/esp\/"]}]},{"@type":"BreadcrumbList","@id":"https:\/\/ozziemelendez.com\/e-book\/es\/esp\/#breadcrumb","itemListElement":[{"@type":"ListItem","position":1,"name":"Home","item":"https:\/\/ozziemelendez.com\/e-book\/"},{"@type":"ListItem","position":2,"name":"E-Book"}]},{"@type":"WebSite","@id":"https:\/\/ozziemelendez.com\/e-book\/#website","url":"https:\/\/ozziemelendez.com\/e-book\/","name":"E-Book","description":"Ozzie Melendez","potentialAction":[{"@type":"SearchAction","target":{"@type":"EntryPoint","urlTemplate":"https:\/\/ozziemelendez.com\/e-book\/?s={search_term_string}"},"query-input":{"@type":"PropertyValueSpecification","valueRequired":true,"valueName":"search_term_string"}}],"inLanguage":"en-US"}]}},"jetpack_sharing_enabled":true,"_links":{"self":[{"href":"https:\/\/ozziemelendez.com\/e-book\/wp-json\/wp\/v2\/pages\/187","targetHints":{"allow":["GET"]}}],"collection":[{"href":"https:\/\/ozziemelendez.com\/e-book\/wp-json\/wp\/v2\/pages"}],"about":[{"href":"https:\/\/ozziemelendez.com\/e-book\/wp-json\/wp\/v2\/types\/page"}],"author":[{"embeddable":true,"href":"https:\/\/ozziemelendez.com\/e-book\/wp-json\/wp\/v2\/users\/2"}],"replies":[{"embeddable":true,"href":"https:\/\/ozziemelendez.com\/e-book\/wp-json\/wp\/v2\/comments?post=187"}],"version-history":[{"count":6,"href":"https:\/\/ozziemelendez.com\/e-book\/wp-json\/wp\/v2\/pages\/187\/revisions"}],"predecessor-version":[{"id":197,"href":"https:\/\/ozziemelendez.com\/e-book\/wp-json\/wp\/v2\/pages\/187\/revisions\/197"}],"wp:attachment":[{"href":"https:\/\/ozziemelendez.com\/e-book\/wp-json\/wp\/v2\/media?parent=187"}],"curies":[{"name":"wp","href":"https:\/\/api.w.org\/{rel}","templated":true}]}}